{"id":247,"date":"2022-07-01T16:59:33","date_gmt":"2022-07-01T14:59:33","guid":{"rendered":"http:\/\/saqsyxv.cluster030.hosting.ovh.net\/?page_id=247"},"modified":"2026-03-31T09:41:24","modified_gmt":"2026-03-31T07:41:24","slug":"section-sportive-water-polo","status":"publish","type":"page","link":"http:\/\/collegealainfournierbordeaux.fr\/?page_id=247","title":{"rendered":"Section sportive water-polo"},"content":{"rendered":"<div>\n<p><img loading=\"lazy\" decoding=\"async\" class=\"alignnone size-full wp-image-1425\" src=\"http:\/\/saqsyxv.cluster030.hosting.ovh.net\/wp-content\/uploads\/2023\/03\/wpolo-scaled.jpg\" alt=\"\" width=\"2560\" height=\"1432\" srcset=\"http:\/\/saqsyxv.cluster030.hosting.ovh.net\/wp-content\/uploads\/2023\/03\/wpolo-scaled.jpg 2560w, http:\/\/saqsyxv.cluster030.hosting.ovh.net\/wp-content\/uploads\/2023\/03\/wpolo-300x168.jpg 300w, http:\/\/saqsyxv.cluster030.hosting.ovh.net\/wp-content\/uploads\/2023\/03\/wpolo-1024x573.jpg 1024w, http:\/\/saqsyxv.cluster030.hosting.ovh.net\/wp-content\/uploads\/2023\/03\/wpolo-768x430.jpg 768w, http:\/\/saqsyxv.cluster030.hosting.ovh.net\/wp-content\/uploads\/2023\/03\/wpolo-1536x859.jpg 1536w, http:\/\/saqsyxv.cluster030.hosting.ovh.net\/wp-content\/uploads\/2023\/03\/wpolo-2048x1145.jpg 2048w, http:\/\/saqsyxv.cluster030.hosting.ovh.net\/wp-content\/uploads\/2023\/03\/wpolo-600x336.jpg 600w, http:\/\/saqsyxv.cluster030.hosting.ovh.net\/wp-content\/uploads\/2023\/03\/wpolo-945x529.jpg 945w\" sizes=\"auto, (max-width: 2560px) 100vw, 2560px\" \/><\/p>\n<p><em><span style=\"font-family: arial, helvetica, sans-serif;\"><span style=\"font-size: large;\">Une s\u00e9ance d\u00e9couverte de la section sportive scolaire water-polo aura lieu le mercredi 22 avril 2026 \u00e0 la piscine Juda\u00efque \u00e0 partir de 13h30.\u00a0<\/span><\/span><\/em><em><span style=\"font-family: arial, helvetica, sans-serif;\"><span style=\"font-size: large;\">Afin que votre enfant puisse y prendre part, merci de vous signaler par courriel \u00e0 :\u00a0<\/span><\/span><\/em><\/p>\n<p><em><span style=\"font-family: arial, helvetica, sans-serif;\"><span style=\"font-size: large;\"><a href=\"mailto:administration-af@ac-bordeaux.fr\">administration-af@ac-bordeaux.fr<\/a>.<\/span><\/span><\/em><\/p>\n<p><em><span style=\"font-family: arial, helvetica, sans-serif;\"><span style=\"font-size: large;\">Vous trouverez ci-dessous les informations sur la section sportive scolaire water-polo ainsi que le dossier de d\u2019inscription pour la rentr\u00e9e 2026 \u00e0 rendre <\/span><\/span><\/em><em><span style=\"font-family: arial, helvetica, sans-serif;\"><span style=\"font-size: large;\"><u>avant le lundi 4 mai 2026<\/u><\/span><\/span><\/em><em><span style=\"font-family: arial, helvetica, sans-serif;\"><span style=\"font-size: large;\">.<\/span><\/span><\/em><\/p>\n<\/div>\n<div><\/div>\n<div><iframe loading=\"lazy\" class=\"embed-pdf-viewer\" src=\"http:\/\/saqsyxv.cluster030.hosting.ovh.net\/wp-content\/uploads\/2026\/03\/Flyer-section-sportive-water-polo-26.pdf\" height=\"1000\" width=\"100%\" title=\"Flyer Section Sportive Water Polo 26\"><\/iframe><\/p>\n<p><a href=\"http:\/\/saqsyxv.cluster030.hosting.ovh.net\/wp-content\/uploads\/2026\/03\/Flyer-section-sportive-water-polo-26.pdf\" title=\"Flyer Section Sportive Water Polo 26\">Flyer Section Sportive Water Polo 26<\/a><\/p>\n<\/div>\n<div><iframe loading=\"lazy\" class=\"embed-pdf-viewer\" src=\"http:\/\/saqsyxv.cluster030.hosting.ovh.net\/wp-content\/uploads\/2026\/03\/Contrat-de-la-section-sportive-water-polo-26.pdf\" height=\"1000\" width=\"100%\" title=\"Contrat De La Section Sportive Water Polo 26\"><\/iframe><\/p>\n<p><a href=\"http:\/\/saqsyxv.cluster030.hosting.ovh.net\/wp-content\/uploads\/2026\/03\/Contrat-de-la-section-sportive-water-polo-26.pdf\" title=\"Contrat De La Section Sportive Water Polo 26\">Contrat De La Section Sportive Water Polo 26<\/a><\/p>\n<\/div>\n<div><iframe loading=\"lazy\" class=\"embed-pdf-viewer\" src=\"http:\/\/saqsyxv.cluster030.hosting.ovh.net\/wp-content\/uploads\/2026\/03\/Dossier-dinscription-section-sportive-water-polo-rentree-2026.pdf\" height=\"1000\" width=\"100%\" title=\"Dossier D&#039;inscription Section Sportive Water Polo   Rentr\u00e9e 2026\"><\/iframe><\/p>\n<p><a href=\"http:\/\/saqsyxv.cluster030.hosting.ovh.net\/wp-content\/uploads\/2026\/03\/Dossier-dinscription-section-sportive-water-polo-rentree-2026.pdf\" title=\"Dossier D&#039;inscription Section Sportive Water Polo   Rentr\u00e9e 2026\">Dossier D&#039;inscription Section Sportive Water Polo   Rentr\u00e9e 2026<\/a><\/p>\n<\/div>\n","protected":false},"excerpt":{"rendered":"<p>Une s\u00e9ance d\u00e9couverte de la section sportive scolaire water-polo aura lieu le mercredi 22 avril 2026 \u00e0 la piscine Juda\u00efque \u00e0 partir de 13h30.\u00a0Afin que votre enfant puisse y prendre part, merci de vous signaler par courriel \u00e0 :\u00a0 administration-af@ac-bordeaux.fr&#8230;. <a class=\"more-link\" href=\"http:\/\/collegealainfournierbordeaux.fr\/?page_id=247\">Continue Reading &rarr;<\/a><\/p>\n","protected":false},"author":1,"featured_media":0,"parent":0,"menu_order":0,"comment_status":"closed","ping_status":"closed","template":"","meta":{"footnotes":""},"class_list":["post-247","page","type-page","status-publish","hentry"],"_links":{"self":[{"href":"http:\/\/collegealainfournierbordeaux.fr\/index.php?rest_route=\/wp\/v2\/pages\/247","targetHints":{"allow":["GET"]}}],"collection":[{"href":"http:\/\/collegealainfournierbordeaux.fr\/index.php?rest_route=\/wp\/v2\/pages"}],"about":[{"href":"http:\/\/collegealainfournierbordeaux.fr\/index.php?rest_route=\/wp\/v2\/types\/page"}],"author":[{"embeddable":true,"href":"http:\/\/collegealainfournierbordeaux.fr\/index.php?rest_route=\/wp\/v2\/users\/1"}],"replies":[{"embeddable":true,"href":"http:\/\/collegealainfournierbordeaux.fr\/index.php?rest_route=%2Fwp%2Fv2%2Fcomments&post=247"}],"version-history":[{"count":60,"href":"http:\/\/collegealainfournierbordeaux.fr\/index.php?rest_route=\/wp\/v2\/pages\/247\/revisions"}],"predecessor-version":[{"id":6212,"href":"http:\/\/collegealainfournierbordeaux.fr\/index.php?rest_route=\/wp\/v2\/pages\/247\/revisions\/6212"}],"wp:attachment":[{"href":"http:\/\/collegealainfournierbordeaux.fr\/index.php?rest_route=%2Fwp%2Fv2%2Fmedia&parent=247"}],"curies":[{"name":"wp","href":"https:\/\/api.w.org\/{rel}","templated":true}]}}