{"id":279,"date":"2022-07-04T11:06:02","date_gmt":"2022-07-04T09:06:02","guid":{"rendered":"http:\/\/saqsyxv.cluster030.hosting.ovh.net\/?page_id=279"},"modified":"2025-09-02T09:45:55","modified_gmt":"2025-09-02T07:45:55","slug":"le-reglement-interieur","status":"publish","type":"page","link":"http:\/\/collegealainfournierbordeaux.fr\/?page_id=279","title":{"rendered":"R\u00e8glement int\u00e9rieur"},"content":{"rendered":"<p>Voici le r\u00e8glement int\u00e9rieur du coll\u00e8ge qui a \u00e9t\u00e9 vot\u00e9 au Conseil d&rsquo;administration du 20 juin pour la rentr\u00e9e 2025 :<\/p>\r\n<p><div><iframe loading=\"lazy\" class=\"embed-pdf-viewer\" src=\"http:\/\/saqsyxv.cluster030.hosting.ovh.net\/wp-content\/uploads\/2025\/09\/Rgt-interieur-rentree-2025.pdf\" height=\"1000\" width=\"100%\" title=\"Rgt Int\u00e9rieur Rentr\u00e9e 2025\"><\/iframe>\n<p><a href=\"http:\/\/saqsyxv.cluster030.hosting.ovh.net\/wp-content\/uploads\/2025\/09\/Rgt-interieur-rentree-2025.pdf\" title=\"Rgt Int\u00e9rieur Rentr\u00e9e 2025\">Rgt Int\u00e9rieur Rentr\u00e9e 2025<\/a><\/p><\/div><\/p>\r\n<p>&nbsp;<\/p>\r\n<p>&nbsp;<\/p>\r\n","protected":false},"excerpt":{"rendered":"<p>Voici le r\u00e8glement int\u00e9rieur du coll\u00e8ge qui a \u00e9t\u00e9 vot\u00e9 au Conseil d&rsquo;administration du 20 juin pour la rentr\u00e9e 2025 : Rgt Int\u00e9rieur Rentr\u00e9e 2025 &nbsp; &nbsp;<\/p>\n","protected":false},"author":1,"featured_media":0,"parent":0,"menu_order":0,"comment_status":"closed","ping_status":"closed","template":"","meta":{"footnotes":""},"class_list":["post-279","page","type-page","status-publish","hentry"],"_links":{"self":[{"href":"http:\/\/collegealainfournierbordeaux.fr\/index.php?rest_route=\/wp\/v2\/pages\/279","targetHints":{"allow":["GET"]}}],"collection":[{"href":"http:\/\/collegealainfournierbordeaux.fr\/index.php?rest_route=\/wp\/v2\/pages"}],"about":[{"href":"http:\/\/collegealainfournierbordeaux.fr\/index.php?rest_route=\/wp\/v2\/types\/page"}],"author":[{"embeddable":true,"href":"http:\/\/collegealainfournierbordeaux.fr\/index.php?rest_route=\/wp\/v2\/users\/1"}],"replies":[{"embeddable":true,"href":"http:\/\/collegealainfournierbordeaux.fr\/index.php?rest_route=%2Fwp%2Fv2%2Fcomments&post=279"}],"version-history":[{"count":18,"href":"http:\/\/collegealainfournierbordeaux.fr\/index.php?rest_route=\/wp\/v2\/pages\/279\/revisions"}],"predecessor-version":[{"id":5159,"href":"http:\/\/collegealainfournierbordeaux.fr\/index.php?rest_route=\/wp\/v2\/pages\/279\/revisions\/5159"}],"wp:attachment":[{"href":"http:\/\/collegealainfournierbordeaux.fr\/index.php?rest_route=%2Fwp%2Fv2%2Fmedia&parent=279"}],"curies":[{"name":"wp","href":"https:\/\/api.w.org\/{rel}","templated":true}]}}